0)/((-8)/4). Let f(m) = m**2 + 2*m - 7. Calculate the remainder when f(-7) is divided by -1 + 0 + h + 11.
8
Let q be ((-6)/3)/(-2)*7. Suppose 0 = -2*t - 3 + q. Suppose 4*p = 4 + 12. Calculate the remainder when p is divided by t.
0
Let u = -5 - -15. Let i = -6 + u. Calculate the remainder when i is divided by 3.
1
Let w = 47 + -34. Suppose -3*l = l - 28. What is the remainder when w is divided by l?
6
Let j(i) = i**3 + 11*i**2 - 6. Let p be j(-11). Let a(k) = k**3 + 6*k**2 - 9*k - 6. Calculate the remainder when a(p) is divided by 13.
9
Let r = 23 - 15. Calculate the remainder when 28/7 + (9 - -1) is divided by r.
6
Suppose 6*y = 2*y - d + 78, 5*y = -3*d + 94. Let u = -10 + y. Suppose -2*g - 3*q = -0*q - 15, 14 = 3*g - 4*q. Calculate the remainder when u is divided by g.
4
Let o(j) = -j**2 - j - 1. Let r(t) = -t**3 - 2*t + 7*t + 3*t**2 - 7*t**2. Let q(f) = 6*o(f) + r(f). Calculate the remainder when 10 is divided by q(-10).
2
Suppose 5*j + 668 = 4*s + 157, j = -5*s + 646. Calculate the remainder when s is divided by 22.
19
Let k(u) be the second derivative of u**5/20 - u**4/2 + u**3/3 - u**2 - u. Calculate the remainder when 28 is divided by k(6).
8
Suppose 6*t - 5*t - 2 = 2*r, -t = 4*r - 32. What is the remainder when 12/(-102) - (-1602)/34 is divided by t?
11
Let z = 2 + 15. Calculate the remainder when z is divided by 6.
5
Suppose -u + 11 = 3*p, -2*p - 100 = -3*u - 34. What is the remainder when 74 is divided by u?
14
Let t = 0 - 20. Let p = t + 37. What is the remainder when p is divided by 156/15 + 4/(-10)?
7
Suppose 0*y - 3*y + 15 = 0. Let h = 12 + y. Calculate the remainder when 50 is divided by h.
16
Let b(l) = 2*l**3 - 13*l**2 - 5*l + 8. Let q(w) = w**3 - 12*w**2 - 5*w + 8. Let a(m) = -2*b(m) + 3*q(m). What is the remainder when a(-10) is divided by 20?
18
Let r be 16/2*(-18)/24. Let c = 88 + -39. What is the remainder when c is divided by 16 + r*2/4?
10
Suppose 0 = 2*p - p + 2*w - 13, 0 = 2*w + 4. Calculate the remainder when p is divided by 6.
5
Suppose -2*m + 4 = -18. Let y = 75 - 34. What is the remainder when y is divided by m?
8
Let o be 1/(12/(-10) + 1). Calculate the remainder when 50 is divided by (2 + 15)/(o/(-5)).
16
Let y = 11 - 8. What is the remainder when 14 is divided by y?
2
Let r = 4 - -16. Let y = 220 - 181. What is the remainder when y is divided by r?
19
Suppose 48 = 5*k - 6*w + 3*w, 4*k = 3*w + 36. Suppose -8*m = -4*m. Let i = m + k. What is the remainder when 23 is divided by i?
11
Let f(y) = y + 1. Let u be (1/2)/((-7)/(-70)). What is the remainder when f(u) is divided by 3?
0
Let a(d) = -d**2 + 6*d + 1. Let j be a(6). Let z be 2 + 1 + -1 + j. Suppose 0*y + 18 = y + 2*l, -55 = -5*y - z*l. What is the remainder when 14 is divided by y?
6
Suppose -278 = -6*f - 68. Let t(s) = s**3 + 8*s**2 + 8*s - 5. What is the remainder when f is divided by t(-6)?
16
Let t = 39 - 28. Let a(x) = 2*x**2 - 2*x - 2. Let w be a(-2). Let z = 16 - w. What is the remainder when t is divided by z?
5
Suppose -10 = 5*p - 4*q + 38, p + 5*q - 2 = 0. Let z = -6 - p. Suppose -2 = -n, -n = 2*d - 0*n - 14. What is the remainder when d is divided by z?
0
Calculate the remainder when 6 is divided by -6*((-7)/3 + 2).
0
Suppose 17 = -2*j - m + 75, 4*j - 130 = 5*m. What is the remainder when j is divided by 11?
8
Let m be 2/4*(-1 + 5). What is the remainder when (-2)/(2/(-33)) - 1 is divided by m - 1*1*-9?
10
Suppose 0 = -7*m + 295 - 29. What is the remainder when m is divided by 14?
10
Suppose -4 = 2*z, -5*m + 0*m = -5*z - 20. Suppose 6*y = m*y - 20. Let u(n) = -n**2 - 7*n + 2. Calculate the remainder when u(y) is divided by 7.
5
Let v(h) = -h**2 - 7*h + 2. Let f be v(-8). What is the remainder when -18*(-2)/((-16)/(-12)) is divided by ((-49)/21)/(1/f)?
13
Let p(h) = 2*h**2 - 7 + 4*h**2 - 10*h + h**3 + 0*h**2. Suppose -c + 45 = 19. Calculate the remainder when c is divided by p(-7).
12
Suppose -31 = -3*n + 2*n. Calculate the remainder when 121 is divided by n.
28
Suppose -5*g + 5*s + 45 = -2*g, 3*s = -5*g + 109. Let q(j) = -2*j + 1. Suppose 2*x + 8 - 2 = 0. What is the remainder when g is divided by q(x)?
6
Suppose 5*a + 86 = 2*y, y + 2*a = 4*a + 44. What is the remainder when y is divided by 5?
3
Suppose 2*k - 36 = 3*v, -4*k + v = -3*k - 18. What is the remainder when 67 is divided by k?
13
Let o be (5/3)/((-5)/(-15)). Suppose 41 = -4*q + o. What is the remainder when 30/q*(-48)/10 is divided by 9?
7
Let s(t) = -t**3 + t**2 + t + 16. Let g = 3 - 0. Calculate the remainder when s(0) is divided by g*(3 - (1 - 0)).
4
Suppose 6*l = 4*l. Suppose l*q + 2*q = 0. Suppose 2*h - 4*h + 32 = q. What is the remainder when 31 is divided by h?
15
Let j(q) = 18*q - 1. What is the remainder when 67 is divided by j(1)?
16
Let n be 12*(1 + (-3)/2). Let i be (0 - (5 + -5)) + -2. Let d = i - n. Calculate the remainder when 10 is divided by d.
2
Suppose 2*r - r = j + 9, 4*r + 2*j - 24 = 0. Calculate the remainder when 27 is divided by r.
6
Let j = -19 + 54. Suppose 5*z + 72 = 4*k, 3*k + 5*z = 6 + 48. What is the remainder when j is divided by k?
17
Let r(n) = -n**2 - 10*n - 7. Let b(z) = -3*z - 6. Let m(c) = 2*c + 7. Let x(j) = 4*b(j) + 3*m(j). Calculate the remainder when r(-6) is divided by x(-2).
8
Let f(w) = -28*w**3 + w**2 + w - 1. Let n be f(1). Let y = -17 - n. What is the remainder when 27 is divided by y?
7
Let z be -13*(3 + (-2)/1). Let m = z - -31. Calculate the remainder when 69 is divided by m.
15
Suppose -2*k - 15 + 6 = z, -3*k = -z + 1. Calculate the remainder when (-610)/(-15) + k/(-6) is divided by 11.
8
Suppose 4*a = -3*f + 95 - 20, 0 = -2*a - 4*f + 50. Let d = a + -7. What is the remainder when 14 is divided by d?
6
Suppose 0 = -4*m + 10 + 26. What is the remainder when 41 is divided by m?
5
Let g = 8 - -5. Calculate the remainder when g is divided by (-4)/(-8)*(16 - 0).
5
Let z be (0/(2/1))/(-2). Let h(v) = v + 23. What is the remainder when h(z) is divided by 8?
7
Calculate the remainder when 31 is divided by (-10 + -1)/(1 + -2).
9
Suppose -2*j + 269 = -5*c - 38, -c + 136 = j. Calculate the remainder when j is divided by 36.
33
Let y(f) = -2*f**3 + 3*f**2 - 3*f. Let t be y(2). Let a = t - -18. Calculate the remainder when 23 is divided by 12/a - (-13)/2.
7
Let t = -7 - -68. Let j be (-1 - -1) + t + -3. What is the remainder when (0 - 2)*j/(-4) is divided by 16?
13
Let c(d) = d**3 + 11*d**2 - 7*d - 6. Let f(w) = -2*w**3 - 22*w**2 + 13*w + 13. Let s(h) = -9*c(h) - 4*f(h). What is the remainder when 26 is divided by s(-12)?
12
Let q(o) = -6*o + 82. Calculate the remainder when q(0) is divided by 43.
39
Suppose -3*k - 131 + 362 = 0. What is the remainder when k is divided by 22?
11
Let r(w) = -w**3 - 8*w**2 - 5*w - 10. What is the remainder when r(-8) is divided by 8?
6
Let y(x) = x**2 - 5*x + 6. Suppose 3*f + 4*k - 32 = 0, -4*f + 17 = -5*k - 5. Let s be y(f). Let c = 46 - s. Calculate the remainder when c is divided by 6.
4
What is the remainder when ((-138)/5)/(14/(-35)) is divided by 36?
33
Suppose -47*u = -44*u - 57. What is the remainder when 45 is divided by u?
7
Let l be 2/(-6) + (-6)/9. Let n = l + 2. Let h = 1 - 0. What is the remainder when n is divided by h?
0
Suppose -m = -3*m + 4. Let g = 0 - m. Calculate the remainder when 4 is divided by (6/g)/((-3)/2).
0
Let y = 17 + -11. Let s be 15 + 4 - (1 - -1). Let v = 33 - s. Calculate the remainder when v is divided by y.
4
Let t be (-1)/4 + 93/(-12). Let j be (0 + -3 - -18)*-1. Let r = t - j. Calculate the remainder when 19 is divided by r.
5
Let c(b) = 2*b**3 - 3*b**2 - 5*b. Let y(n) = 2*n**3 - 3*n**2 - 6*n. Let o(r) = -5*c(r) + 4*y(r). What is the remainder when o(-2) is divided by 14?
12
Let l = -119 - -83. Let i = -20 - l. Suppose i = 6*f - 2*f. What is the remainder when f is divided by 3?
1
Let i be (1 - 0)/(1/5). Let a = 25 - i. Calculate the remainder when 37 is divided by a.
17
Suppose -3*l - 2*y + 9 - 2 = 0, -18 = -2*l + 2*y. Suppose 47 = -0*a + 4*a - 3*g, 4*a = -l*g + 7. Let k = 22 - a. What is the remainder when k is divided by 5?
4
Let k(f) = f**3 - 8*f**2 + 7*f + 6. Calculate the remainder when (44/12)/((-1)/(-3)) is divided by k(7).
5
Let k(l) = 8*l**2 - 4*l - 3. Calculate the remainder when k(3) is divided by 15.
12
Suppose -2*j + t + 46 = 0, 4*j - 4*t - 34 = 58. Calculate th